 greatest common factor of o and 52?
26
Suppose 5*p + 20 = 9*p. Suppose -65 = 3*s - 8*s - 2*j, -2*s + 5*j = -55. Calculate the greatest common factor of s and p.
5
Let r be 1 + 0 + (4 - 3). Suppose r*n + 29 = -3*v + 6*v, -3*v + 5*n + 32 = 0. Calculate the greatest common factor of 1 and v.
1
Suppose 0 = 3*c + 224 + 364. Let y be c/3*12/(-8). Calculate the greatest common divisor of y and 14.
14
Suppose -5*a = -86 + 1. Suppose o - 271 = 2*o. Let j be o/(-4) - (-2)/8. What is the greatest common factor of j and a?
17
Let m = -53 - -61. What is the highest common divisor of m and 104?
8
Let k = 17 + 30. Let l = k - 19. Suppose 2*j - 57 = -4*g + 111, 3*g = -j + 126. Calculate the greatest common divisor of l and g.
14
Suppose 8*g - 7*g = 4. Suppose -g*i + 5*k + 80 = -2*i, 3*i - 3*k - 102 = 0. What is the greatest common factor of 10 and i?
10
Let h = 30 + -9. Let w = 30 - 45. Let k = -12 - w. Calculate the highest common factor of k and h.
3
Let l(g) = -g**3 - 4*g**2 + 2*g - 3. Let c be l(-5). Calculate the greatest common divisor of c and 60.
12
Let x(f) = f - 8. Let d be x(5). Let s = 11 + d. What is the greatest common factor of s and 4?
4
Suppose -2*b = -7*b. Suppose 2*d + 4*a - 2 = b, 2*a + 2*a + 25 = d. Suppose -3*u = -320 + 104. Calculate the highest common factor of u and d.
9
Let i = 44 - -7. Suppose -j + i + 4 = 0. Let d be ((-1)/1)/(-1) - -10. Calculate the greatest common divisor of d and j.
11
Let w(m) = 2*m**2 + m. Let x be w(-3). What is the highest common factor of 3 and x?
3
Let k be 2/7 - (-1410)/14. Suppose -5*o + 4*i + 97 = i, i = -5*o + k. Suppose 0*h + 120 = 4*h. Calculate the highest common factor of h and o.
10
Let b(o) = 14*o**2 + 5*o - 4. Let j be b(4). What is the highest common factor of j and 30?
30
Let h be (-1)/2*(-4 - -4). Suppose d + 4*d - 25 = h. What is the greatest common factor of 5 and d?
5
Suppose -4*i + i - 24 = 3*q, 3*i - 12 = 0. Let s = -8 - q. Calculate the greatest common divisor of s and 16.
4
Suppose -47 - 7 = -3*h. Suppose 2*q - h = -0*q. Let z(y) = -y. Let n be z(-3). What is the greatest common divisor of q and n?
3
Let k(g) = 26*g**2 - g. Let c be k(1). Suppose 5 = -m + c. Let w be 2 + 0 + (0 - -2). Calculate the greatest common divisor of w and m.
4
Suppose 0*b - 2*b = -16. Let o = b + 0. Let n = 16 - o. Calculate the highest common factor of 2 and n.
2
Let n = 52 - 35. Suppose -2*o + n + 3 = 0. Calculate the greatest common factor of o and 25.
5
Let b(h) = -23*h**3 + 2*h + 3. Let q be b(-1). What is the highest common divisor of 216 and q?
24
Suppose -3*i - 3*q = -39, -2*q - 79 = -7*i + 2*i. What is the highest common factor of 15 and i?
15
Let f be 3 + (-6)/(-3)*1. Suppose -d + 2*d - 4*i - 19 = 0, 0 = 3*d + f*i - 125. What is the greatest common factor of 7 and d?
7
Let u = -4 - -11. Let s be ((-24)/(-28))/(1/(-7)). Let j be (9/s)/(3/(-70)). Calculate the highest common divisor of u and j.
7
Let l be -4*(-9)/12 + 4. What is the greatest common factor of 56 and l?
7
Suppose 0*y - 2*g + 94 = -5*y, y - 5*g = -28. Let h = y + 3. Let r be (-220)/h + (-1)/(-3). What is the highest common divisor of r and 6?
3
Let d(v) = 5*v**3 + v**2. Let n be d(1). Let s(o) = 4*o**2 - 8*o - 6. Let r be s(n). What is the highest common factor of r and 10?
10
Suppose 4*r = -r + 15. Let h be 2/r - 4/6. Let x be 0 + 1 + 9 + h. Calculate the highest common divisor of x and 70.
10
Let d be (28/(-3))/(1/(-3)). Let z be (3 - (-122)/6)*3. What is the highest common factor of z and d?
14
Let d(s) = -9*s**2 + 2*s - 11. Let b(u) = 9*u**2 - u + 10. Let c(i) = 7*b(i) + 6*d(i). Let x be c(-3). Calculate the greatest common divisor of 28 and x.
14
Let r be 6/4*(-2)/(-3). Let u be (-6 - -1)/(r/(-11)). What is the greatest common divisor of u and 22?
11
Let r(u) = 17*u + 2. Let h be r(2). Calculate the greatest common divisor of 12 and h.
12
Suppose 0 = b - 5 - 1. Let c = b + 5. Let m = 39 + -28. What is the greatest common divisor of m and c?
11
Suppose 4*o = 29 + 7. Suppose 5 = 2*z - 1. Suppose -48 = -n - z. Calculate the highest common factor of n and o.
9
Suppose 3*k - 14 = -f, 2*f = -0*f + 4*k + 18. Calculate the greatest common factor of 22 and f.
11
Let y = 25 - 5. Let k = y + -14. Suppose -2*p + 100 = 4*h, -2*p + 2*h - 29 = -141. What is the greatest common divisor of p and k?
6
Let s = -8 + 19. Calculate the highest common divisor of s and 44.
11
Suppose o = w - 9, -3*o - o = w - 19. Let q(a) = a**2 - 4*a + 2. Let x be q(3). Let u be -3 - (-91)/(x - -2). What is the highest common factor of w and u?
11
Suppose -a - 4*h = 2485, 4*a = 4*h - 1683 - 8257. Let x be 2/(-5) + a/(-25). Calculate the greatest common factor of 11 and x.
11
Suppose 3*z + 15 = 8*z. Suppose z*d - 4*c - 90 = 0, 61 = 2*d - 3*c - 0*c. What is the highest common divisor of 39 and d?
13
Let c(n) = n**2 - 15*n - 18. Let i be c(17). Let r(w) = 24*w**2 - w - 1. Let p be r(-1). Calculate the highest common divisor of p and i.
8
Let k be ((1 + 1)*-1)/(-2). Let w be k/(-3 + (-111)/(-36)). What is the highest common factor of 60 and w?
12
Suppose -1 = w + 4*g, 2*w + 16 = 6*w - 4*g. Let a be (1 - (-24)/w)*18. Suppose -a = o - 3*o. Calculate the greatest common divisor of 9 and o.
9
Let z = 4 + -1. Suppose 132 = z*l + u, -5*l = -u + 69 - 297. Calculate the highest common factor of l and 5.
5
Suppose -l = 2*w, 2*l - l - 2*w = 20. What is the greatest common divisor of 110 and l?
10
Let j = 270 - 108. What is the greatest common divisor of j and 18?
18
Suppose 0 = -k + 2*k. Let q = 2 - k. Suppose -3*m = m - 2*j - 8, q*j = 2*m - 6. What is the highest common divisor of 11 and m?
1
Suppose 0*p - 5*p + 15 = 0. Calculate the greatest common factor of 24 and p.
3
Let l = 93 - 138. Let x = l + 69. What is the highest common factor of 264 and x?
24
Let f(i) = i**3 - 11*i**2 - 11*i - 11. Let x be f(12). Suppose t - 12 = -x. Calculate the greatest common divisor of t and 22.
11
Let p be ((-378)/45)/(2/(-20)). What is the greatest common factor of p and 21?
21
Let n(o) = o**2 + 9*o + 27. Let m be n(-10). What is the highest common factor of m and 296?
37
Let y be 0 + 12/(-8) + 59/2. Calculate the greatest common divisor of y and 4.
4
Suppose -2*r = z - 45, -2*z + 3*z = -4*r + 35. Suppose -5*p + 157 - 47 = 0. What is the greatest common divisor of p and z?
11
Let b = 3 + -1. Suppose -6*f + 3*s = -2*f - 19, 5*f = b*s + 15. What is the highest common factor of f and 1?
1
Let t be 13 + 7/(7/(-4)). What is the highest common factor of t and 45?
9
Suppose -4*m + 117 = 33. Calculate the greatest common divisor of m and 35.
7
Suppose -2*l - 14 = -40. Let q = 31 + 21. What is the greatest common divisor of l and q?
13
Let d = 3 - 1. Let c be d + -1 + (-28)/7. Let j = c - -13. What is the highest common factor of 110 and j?
10
Let j = 111 - 57. Suppose 2*u - u = -c + 1, -5*u = 20. Let x = 1 + c. What is the highest common divisor of x and j?
6
Suppose 4*d - 5*s - 1 = 0, d + 2*s = 2 + 8. Suppose -82 = -3*n - d. What is the highest common factor of n and 26?
26
Suppose 0 = -2*m + 3*m. Suppose m*g + 22 = 2*g. Let p be 1 + -1 + 2 + 20. Calculate the greatest common factor of g and p.
11
Suppose -2*g + 2*z + 754 = 2*g, -4*g + 761 = 5*z. Suppose 0 = -5*j + a + 101, 3*j - 83 = 3*a - 8*a. Calculate the highest common divisor of j and g.
21
Let j = -39 + 13. Let p = 38 + j. What is the highest common factor of p and 24?
12
Suppose 6*q - 11*q = 15. Let s = 2 - q. What is the highest common divisor of 40 and s?
5
Let h = 43 - 25. Let c(u) = 4*u**2 - 2 + u**3 + 5*u + 0*u**2 - 2. Let i be c(4). What is the greatest common factor of h and i?
18
Let w(q) = -q + 9. Let t be w(7). Let s be 3/(14/4 - t). Suppose 198 = 4*o - s*p, -61 + 15 = -o + 4*p. Calculate the highest common factor of o and 10.
10
Let p be 610/90 + 2/9. What is the greatest common factor of 1 and p?
1
Let t(k) = -k**3 + 4*k**2 + 14*k - 16. Let z be t(5). What is the greatest common factor of z and 261?
29
Let s(l) be the second derivative of 4*l**3/3 - 2*l**2 + l. Let d be s(-3). Let q be d/6*(-504)/16. What is the greatest common divisor of 21 and q?
21
Let l be 2/(-6) - 6/9. Let x be -1 + (l - -2) + 339. Let p = -186 + x. What is the highest common factor of 17 and p?
17
Let p = -37 - -71. What is the greatest common divisor of 34 